5?
5, 4243
List the prime factors of 292.
2, 73
List the prime factors of 184.
2, 23
What are the prime factors of 14203?
7, 2029
What are the prime factors of 53855?
5, 10771
List the prime factors of 2873.
13, 17
What are the prime factors of 19326?
2, 3, 3221
List the prime factors of 1111.
11, 101
List the prime factors of 1663.
1663
What are the prime factors of 4247?
31, 137
List the prime factors of 55190.
2, 5, 5519
What are the prime factors of 61753?
37, 1669
What are the prime factors of 6754?
2, 11, 307
List the prime factors of 86826.
2, 3, 29, 499
List the prime factors of 3123.
3, 347
List the prime factors of 6029.
6029
What are the prime factors of 1320?
2, 3, 5, 11
List the prime factors of 66820.
2, 5, 13, 257
List the prime factors of 76754.
2, 38377
List the prime factors of 2661.
3, 887
List the prime factors of 493.
17, 29
List the prime factors of 1011.
3, 337
List the prime factors of 9826.
2, 17
List the prime factors of 189.
3, 7
What are the prime factors of 33042?
2, 3, 5507
List the prime factors of 1049.
1049
List the prime factors of 2153.
2153
List the prime factors of 8359.
13, 643
What are the prime factors of 1904?
2, 7, 17
What are the prime factors of 4446?
2, 3, 13, 19
List the prime factors of 4653.
3, 11, 47
List the prime factors of 39963.
3, 7, 11, 173
What are the prime factors of 148236?
2, 3, 11, 1123
List the prime factors of 1494.
2, 3, 83
What are the prime factors of 6290?
2, 5, 17, 37
List the prime factors of 128018.
2, 11, 23
What are the prime factors of 459?
3, 17
List the prime factors of 14375.
5, 23
List the prime factors of 5633.
43, 131
What are the prime factors of 32035?
5, 43, 149
List the prime factors of 2521.
2521
What are the prime factors of 94565?
5, 18913
List the prime factors of 32218.
2, 89, 181
What are the prime factors of 816?
2, 3, 17
What are the prime factors of 33032?
2, 4129
What are the prime factors of 25163?
25163
What are the prime factors of 4555?
5, 911
What are the prime factors of 39173?
43, 911
What are the prime factors of 12449?
59, 211
List the prime factors of 14050.
2, 5, 281
What are the prime factors of 3070?
2, 5, 307
List the prime factors of 7342.
2, 3671
List the prime factors of 664.
2, 83
What are the prime factors of 135970?
2, 5, 13597
List the prime factors of 8946.
2, 3, 7, 71
What are the prime factors of 466?
2, 233
List the prime factors of 10272.
2, 3, 107
List the prime factors of 47720.
2, 5, 1193
List the prime factors of 143194.
2, 71597
List the prime factors of 1287.
3, 11, 13
What are the prime factors of 1668?
2, 3, 139
List the prime factors of 1582.
2, 7, 113
List the prime factors of 11381.
19, 599
List the prime factors of 1769.
29, 61
List the prime factors of 10987.
10987
What are the prime factors of 55826?
2, 103, 271
List the prime factors of 139255.
5, 27851
List the prime factors of 3122.
2, 7, 223
List the prime factors of 41360.
2, 5, 11, 47
What are the prime factors of 2564?
2, 641
What are the prime factors of 22475?
5, 29, 31
What are the prime factors of 93809?
93809
List the prime factors of 1097.
1097
List the prime factors of 7115.
5, 1423
List the prime factors of 685.
5, 137
List the prime factors of 870.
2, 3, 5, 29
List the prime factors of 28.
2, 7
What are the prime factors of 1005?
3, 5, 67
List the prime factors of 1367.
1367
What are the prime factors of 1040?
2, 5, 13
What are the prime factors of 759?
3, 11, 23
What are the prime factors of 2430?
2, 3, 5
List the prime factors of 67612.
2, 16903
What are the prime factors of 1026?
2, 3, 19
List the prime factors of 7543.
19, 397
List the prime factors of 3310.
2, 5, 331
What are the prime factors of 41458?
2, 19, 1091
What are the prime factors of 1650?
2, 3, 5, 11
List the prime factors of 1288.
2, 7, 23
What are the prime factors of 111746?
2, 59, 947
List the prime factors of 19813.
19813
List the prime factors of 2243.
2243
List the prime factors of 215.
5, 43
List the prime factors of 22581.
3, 13, 193
What are the prime factors of 45028?
2, 11257
List the prime factors of 203.
7, 29
List the prime factors of 2840.
2, 5, 71
What are the prime factors of 3567?
3, 29, 41
List the prime factors of 759.
3, 11, 23
What are the prime factors of 11118?
2, 3, 17, 109
List the prime factors of 61508.
2, 15377
List the prime factors of 30915.
3, 5, 229
What are the prime factors of 13249?
13249
What are the prime factors of 1377?
3, 17
List the prime factors of 23831.
23831
List the prime factors of 5275.
5, 211
List the prime factors of 893.
19, 47
What are the prime factors of 1837?
11, 167
What are the prime factors of 407?
11, 37
What are the prime factors of 13562?
2, 6781
What are the prime factors of 68598?
2, 3, 37, 103
What are the prime factors of 12226?
2, 6113
What are the prime factors of 875?
5, 7
List the prime factors of 6101.
6101
What are the prime factors of 90128?
2, 43, 131
What are the prime factors of 224?
2, 7
What are the prime factors of 1476?
2, 3, 41
List the prime factors of 1071.
3, 7, 17
List the prime factors of 15187.
15187
What are the prime factors of 5806?
2, 2903
List the prime factors of 1274.
2, 7, 13
What are the prime factors of 5584?
2, 349
List the prime factors of 64819.
53, 1223
List the prime factors of 3077.
17, 181
List the prime factors of 49932.
2, 3, 19, 73
What are the prime factors of 4924?
2, 1231
What are the prime factors of 2756?
2, 13, 53
List the prime factors of 57805.
5, 11, 1051
List the prime factors of 2398.
2, 11, 109
What are the prime factors of 16965?
3, 5, 13, 29
List the prime factors of 175.
5, 7
What are the prime factors of 2389?
2389
What are the prime factors of 1127?
7, 23
What are the prime factors of 32175?
3, 5, 11, 13
What are the prime factors of 117977?
117977
What are the prime factors of 57392?
2, 17, 211
List the prime factors of 9375.
3, 5
List the prime factors of 12032.
2, 47
List the prime factors of 676.
2, 13
What are the prime factors of 21715?
5, 43, 101
List the prime factors of 289.
17
What are the prime factors of 36478?
2, 13, 23, 61
What are the prime factors of 24452?
2, 6113
List the prime factors of 12249.
3, 1361
What are the prime factors of 13119?
3, 4373
List the prime factors of 600.
2, 3, 5
List the prime factors of 7806.
2, 3, 1301
List the prime factors of 16972.
2, 4243
List the prime factors of 105957.
3, 61, 193
List the prime factors of 1559.
1559
List the prime factors of 3421.
11, 311
What are the prime factors of 886?
2, 443
List the prime factors of 6603.
3, 31, 71
List the prime factors of 1565.
5, 313
What are the prime factors of 79273?
79273
What are the prime factors of 1062?
2, 3, 59
List the prime factors of 131971.
7, 17, 1109
List the prime factors of 26457.
3, 8819
What are the prime factors of 1356?
2, 3, 113
List the prime factors of 31919.
59, 541
List the prime factors of 280.
2, 5, 7
What are the prime factors of 16878?
2, 3, 29, 97
List the prime factors of 789.
3, 263
What are the prime factors of 50?
2, 5
What are the prime factors of 13532?
2, 17, 199
List the prime factors of 38083.
38083
What are the prime factors of 994?
2, 7, 71
What are the prime factors of 6003?
3, 23, 29
List the prime factors of 551.
19, 29
What are the prime factors of 115420?
2, 5, 29, 199
List the prime factors of 108867.
3, 11, 3299
What are the prime factors of 1111?
11, 101
List the prime factors of 1141.
7, 163
What are the prime factors of 794?
2, 397
What are the prime factors of 63273?
3, 7, 23, 131
What are the prime factors of 1664?
2, 13
List the prime factors of 1257.
3, 419
What are the prime factors of 46168?
2, 29, 199
List the prime factors of 55459.
31, 1789
List the prime factors of 20003.
83, 241
What are the prime factors of 5629?
13, 433
What are the prime factors of 63?
3, 7
List the prime factors of 5742.
2, 3, 11, 29
What are the prime factors of 252?
2, 3, 7
What are the prime factors of 132968?
2, 11, 1511
List the prime factors of 2080.
2, 5, 13
List the prime factors of 42088.
2, 5261
What are the prime factors of 12534?
2, 3, 2089
List the prime factors of 2677.
2677
List the prime factors of 47305.
5, 9461
List the prime factors of 29888.
2, 467
What are the prime factors of 2712?
2, 3, 113
What are the pr